 - k*h. What are the prime factors of y?
1039
Let l be (6/(-2))/((-7)/(-1309)). Let o = 673 + l. What are the prime factors of o?
2, 7
Suppose -11*s + 37600 = -s. Suppose 14*c - 7636 = s. What are the prime factors of c?
2, 11, 37
Suppose -2 = -30*o + 28*o. Suppose 0*v = 3*v - 5*m - 931, 0 = m - o. What are the prime factors of v?
2, 3, 13
Let m = -9232 + 11706. List the prime factors of m.
2, 1237
Suppose -5*h = -3*a - 133299, 87354 = 4*h + 4*a - 19234. What are the prime factors of h?
3, 5, 1777
Let g(x) = -x**2 + 8*x + 393. Let f be g(24). List the prime factors of (-9)/(f + (-1050)/116).
2, 3, 29
Let g be (-56)/(-224) + (107790/8 - 1). What are the prime factors of (-1)/2 - (-7 + g/(-18))?
5, 151
Let x be 4/6 + (-218)/3. Let g be (-39)/9*1*x/4. Let q = g - 43. What are the prime factors of q?
5, 7
Suppose 4*o - 83 = -3*r, r - 61 = 4*o - 12. Let d = 1 - r. List the prime factors of (-3)/4 - 1944/d.
2, 3, 5
Let g = 396 - 336. List the prime factors of ((-591)/(-9))/((230/g)/23).
2, 197
What are the prime factors of 4376933/183 - 6/(-18)?
2, 11959
Let v(r) = 5066*r - 1226. What are the prime factors of v(13)?
2, 3, 2693
Let n be 157/8 + 9/24. Suppose -22*b + n*b + 506 = 0. List the prime factors of b.
11, 23
Let x = 1047 + -515. Let b = 661 - x. List the prime factors of b.
3, 43
Let a(n) = 1435*n - 620. List the prime factors of a(6).
2, 5, 17, 47
Suppose -j - 237 = -4*k, 3*k = 2*k + 3*j + 51. Let c be (-3 - -6)*((-8080)/15)/(-8). Suppose -58*t - c = -k*t. What are the prime factors of t?
101
Let n = -29 + -26. Let h = n + 69. What are the prime factors of (-1 + (3 - -38))*h/8?
2, 5, 7
Let l be 123464/48 - 4/24. Suppose d - 2575 = -0*u - 4*u, 0 = 4*u + 4*d - l. List the prime factors of u.
2, 7, 23
Suppose 2*b - 9121 - 46133 = -8*i, 3*i - 3*b = 20739. What are the prime factors of i?
2, 11, 157
Let c = 101 - 127. Let i(s) = s**2 - 8*s + 85. What are the prime factors of i(c)?
3, 17, 19
List the prime factors of ((-2047)/(-89))/((-666)/(-665) - 1).
5, 7, 19, 23
Suppose -365*f + 321*f = -213620. What are the prime factors of f?
5, 971
Let m be 2/(-3)*2*(-27)/6. Let h be (-36)/(-27) - 8/m. Suppose -3*a + 606 = 5*p, -a + 2 = -h. What are the prime factors of p?
2, 3, 5
Suppose -6 = -2*r - 2*r + 2*a, -4*r + 5*a + 3 = 0. Suppose 6*g = 11*g + 2*z - 3280, r*g + z - 1313 = 0. What are the prime factors of g?
2, 3, 109
Let b(f) = -9*f**2 + 8*f**2 - 2*f - 3 + 10*f. Let s be b(5). Suppose s = y + 4. What are the prime factors of y?
2
Suppose 2*v + 3*o = 34651, -86641 = 15*v - 20*v - 3*o. What are the prime factors of v?
2, 5, 1733
Let f(r) = 21*r - 20. Let c be f(3). Let k = -40 + c. Suppose 5 = -2*x + 1, -l + 127 = k*x. List the prime factors of l.
7, 19
Let n(y) = 14*y**2 + 175*y + 220. List the prime factors of n(-46).
2, 17, 641
Let o be (-3 - 42/(-15)) + 36/5. Suppose 0 = 2*q - 3 - o, -3*q = 2*w - 397. List the prime factors of w.
191
Suppose -84*o + 91868 = -70*o. What are the prime factors of o?
2, 17, 193
Let p be 11/((-11)/(-246)) + 1 + -4. Suppose -8*c - p + 12099 = 0. What are the prime factors of c?
2, 3, 13, 19
Suppose 0 = 9*l - 10*l + 3. Suppose w - l*w + 256 = 0. List the prime factors of ((-63)/42)/(122/w + -1).
2
Let k(v) = 2*v**3 + 5*v**2 + 23*v + 85. Let p be k(-5). What are the prime factors of (p/(-10))/(8/304)?
19, 31
Let z = -5121 - -18935. What are the prime factors of z?
2, 6907
Let g(l) be the first derivative of 7*l**2 + 31*l + 989. Suppose -k = 4*k - 45. List the prime factors of g(k).
157
Let g(c) = -c**3 + 2*c**3 + 3 + 5*c - c**2 + 7*c**2. Let o be g(-5). Suppose -o*y + 127 = 4*n, y + 0*y - n - 33 = 0. What are the prime factors of y?
37
Let d(t) = -t**2 + 14*t + 33. Let c be d(16). Let a be (41 - -3) + 3 + c. List the prime factors of ((-113)/4)/((-12)/a).
113
Let b = -55 + 63. Suppose b*t - 54 = 298. What are the prime factors of t?
2, 11
Let n = -4487 + 12547. What are the prime factors of n?
2, 5, 13, 31
Let x(i) = -429*i + 2915. Let w be x(7). Let u(z) = 3*z**2 + 6*z - 1. Let c be u(5). Let f = c - w. List the prime factors of f.
2, 3
Let p be ((-25)/(-2) - 2)*(-6664)/147. Let x = -110 - p. What are the prime factors of x?
2, 3, 61
Let o(a) = a**2 + 7*a - 27. Suppose 7*p - 3*p = 5*n + 34, 3*n = -2*p + 6. Let w(h) = h**3 - 5*h**2 - 9*h + 6. Let g be w(p). What are the prime factors of o(g)?
3, 11
Let g(i) = 21*i**2 - 3*i + 22. Let c be g(4). Suppose 5*v - 1174 = c. What are the prime factors of v?
2, 19
Suppose -l + z = -57 - 36, -2*l - 3*z = -191. Suppose l*o - 32440 = 74*o. What are the prime factors of o?
2, 811
Let y = -53 - -99. Suppose -3*o - g = -20, -3*o - 3*g - 16 = -y. List the prime factors of (-1)/(-5)*o*114.
2, 3, 19
Let r = 91 - 43. Suppose 12 = -r*v + 54*v. What are the prime factors of v/12*-106*-12?
2, 53
Suppose -115*n = -48*n - 739814. List the prime factors of n.
2, 5521
Let j(t) = t**3 + 16*t**2 + 17*t + 36. Let x be j(-15). Suppose 1739 + 343 = x*y. List the prime factors of y.
347
Suppose a - 4*f - 31 = 0, 3*a - 2*f - 25 = 2*a. Suppose a*h = 20*h - 141. List the prime factors of h.
3, 47
Suppose -17 = 6*h - 7*h. Let m = -15 + h. What are the prime factors of ((-24)/m)/(3/(-8))?
2
Suppose y - 389 + 385 = 0. Suppose 9*j - y*j - 852 = -3*s, 2*s - 568 = 4*j. List the prime factors of s.
2, 71
Suppose -126 = -2*p + 2*g, 5*p = -4*g + 154 + 170. Suppose -p + 250 = 3*h. Suppose 4*u + h = 5*u. What are the prime factors of u?
2, 31
Suppose -u + 830 = -6*u - 2*l, 4*l = 0. Let a = -67 - u. Let n = -51 + a. List the prime factors of n.
2, 3
Suppose -191*r + 196*r = -2*v + 149818, 2*r + 3*v = 59936. What are the prime factors of r?
2, 71, 211
Let o(t) = 2*t**2 - 29*t - 1. Suppose 5*f + 2*k - 26 = 49, 2*f + 5*k = 30. What are the prime factors of o(f)?
2, 7
Suppose 16*o + 19 + 77 = 0. List the prime factors of ((-2)/(2*3))/(o/8982).
499
Let a = 12703 - 11340. What are the prime factors of a?
29, 47
List the prime factors of ((-724)/3)/(((-16)/104*1)/6).
2, 13, 181
List the prime factors of (1 - -8029) + -2 + (63 - 68).
71, 113
Suppose -11*y + 10384 = 5*y. Let j = y + -193. What are the prime factors of j?
2, 3, 19
Let g = -432 + -115. Let h = 808 + g. What are the prime factors of h?
3, 29
Let i(b) = b + 9. Let z be i(-17). List the prime factors of ((-3573)/36)/(2/z).
397
Let f be 2 + 80/(-44) + (-158)/22. Let s(i) = 78*i + 83. Let z be s(f). Let a = -306 - z. What are the prime factors of a?
157
Let f(w) = 40*w**2 - 3*w + 1. Let c be f(1). Suppose c = -r + 1. Let j = r + 99. What are the prime factors of j?
2, 31
Let w be (-18)/81 + 724/18. Let a = w + -32. Suppose -3*c + 726 = a*c. What are the prime factors of c?
2, 3, 11
Suppose -8 = -10*q + 18*q. Suppose -3 = r - 4*r. What are the prime factors of (-3)/r*(5/q + -27)?
2, 3
Suppose 0 = -17*r - 20 - 14. List the prime factors of (-28104)/(-32) + r/8.
2, 439
Let z = 9167 + -7056. What are the prime factors of z?
2111
Let s(i) = 10*i**2 + 11*i - 8*i**2 + 9 + 15*i + 4*i. Let q be s(-18). Let j = -26 + q. What are the prime factors of j?
7, 13
Let q(d) = 88*d**2 - 14*d - 293. What are the prime factors of q(-14)?
3, 5717
Let c(u) = -u**3 + 15*u**2 - 25*u + 24. Suppose -2*w + 4 = -3*t, -7*t - 24 = -5*w - 3*t. What are the prime factors of c(w)?
2, 17
Let r = 88 - 66. Suppose r*k = 20*k + 6. What are the prime factors of k?
3
Suppose 4*f + 8*z - 6*z = -454, 4*f + 4*z = -460. Suppose -5*l = -2*l - 594. Let j = f + l. What are the prime factors of j?
2, 43
Let k = -160 + 278. Let t be 1*(4 - 6/1 - -123). Suppose 378 = t*q - k*q. List the prime factors of q.
2, 3, 7
Let v(i) = i**3 - 7*i**2 + i + 3. Let x be ((6/5 - 0)*-5)/(-2). Let y be v(x). List the prime factors of 60*((-84)/y + -2).
2, 3
Let r(j) = 22*j**2 + 213*j + 35. What are the prime factors of r(-24)?
5, 7, 31
Suppose 8*d + 24 = -32. Let q(p) = -p**3 - 7*p**2 + p + 12. Let n be q(d). Suppose -44 = b - 3*b + 4*k, -n*k - 73 = -4*b. What are the prime factors of b?
2, 3
Let g(h) = -h**2 + 4*h + 137. Let d be g(14). Let t(i) = i**2 + 7*i - 2. Let q be t(-7). What are the prime factors of (4 - q) + d/((-3)/4)?
2, 5
Let y = 25133 - 14510. List the prime factors of y.
3, 3541
Let i(k) = -36*k + 45. Let s(o) = o + 2. Let v(f) = -i(f) - 3*s(f). What are the prime factors of v(17)?
2, 3, 5, 17
Suppose -x - 5*u 